{"id":1037,"date":"2022-08-30T12:44:42","date_gmt":"2022-08-30T10:44:42","guid":{"rendered":"https:\/\/dev.knoblauchliebe.de\/chatkontrolle-stoppen\/?page_id=1037"},"modified":"2022-10-16T17:04:36","modified_gmt":"2022-10-16T15:04:36","slug":"aktiv-werden-2","status":"publish","type":"page","link":"https:\/\/chat-kontrolle.eu\/index.php\/aktiv-werden-2\/","title":{"rendered":"Aktiv werden!"},"content":{"rendered":"\n<h2 class=\"wp-block-heading\">Aktiv werden!<\/h2>\n\n\n\n<p>Du willst dich nicht nur \u00fcber unverh\u00e4ltnism\u00e4\u00dfige \u00dcberwachungsgesetzte \u00e4rgern, sondern auch selber etwas tun? Du kannst die folgenden Sachen machen:<\/p>\n\n\n\n<h3 class=\"wp-block-heading\">Teile das Video und diese Website in deiner Community<\/h3>\n\n\n\n<p>Es wissen immer noch viel zu wenige Menschen von dem Gesetzesentwurf und wie gef\u00e4hrlich er ist. Schick deshalb <a href=\"https:\/\/www.youtube.com\/watch?v=cpGSqroLomg\" data-type=\"URL\" data-id=\"https:\/\/www.youtube.com\/watch?v=cpGSqroLomg\">das Erkl\u00e4rvideo von Alexander Lehmann<\/a> und diese Website deinen Freund*innen, von denen du denkst dass es sie interssieren k\u00f6nnte. Vor allem auch an Gruppen von menschen, die direkt davon betroffen sind: Jugendliche, Menschen in Jobs mit Berufsgeheimnissen, Aktivist*innen und so weiter.<\/p>\n\n\n\n<h3 class=\"wp-block-heading\">Schlage Organisationen vor, den Aufruf zu unterst\u00fctzen<\/h3>\n\n\n\n<p>Du bist in der Jugendfeuerwehr? In einem Netzwerk, was sich f\u00fcr Gefl\u00fcchtete engagiert? In einer Klimaaktivismus-Crew? Schlage doch mal vor, unseren Aufruf mitzuzeichnen oder einen Post zu Chatkontrolle in sozialen Medien zu machen.<\/p>\n\n\n\n<h3 class=\"wp-block-heading\">Protestaktionen selber machen<\/h3>\n\n\n\n<p>Das reicht dir alles nicht? Dann such dir ein paar Freund*innen und macht eine Fotoaktion zusammen! Wir arbeiten gerade an einer ausf\u00fchrlichen Anleitung daf\u00fcr, bis diese fertig ist, schreib uns am besten einfach an <a href=\"mailto:demo@chat-kontrolle.eu\">demo@chat-kontrolle.eu<\/a> und wir unterst\u00fctzen dich dabei wo wir k\u00f6nnen.<\/p>\n","protected":false},"excerpt":{"rendered":"<p>Aktiv werden! Du willst dich nicht nur \u00fcber unverh\u00e4ltnism\u00e4\u00dfige \u00dcberwachungsgesetzte \u00e4rgern, sondern auch selber etwas tun? Du kannst die folgenden Sachen machen: Teile das Video und diese Website in deiner Community Es wissen immer noch viel zu wenige Menschen von dem Gesetzesentwurf und wie gef\u00e4hrlich er ist. Schick deshalb das Erkl\u00e4rvideo von Alexander Lehmann und [&hellip;]<\/p>\n","protected":false},"author":1,"featured_media":0,"parent":0,"menu_order":0,"comment_status":"closed","ping_status":"closed","template":"","meta":{"footnotes":""},"class_list":["post-1037","page","type-page","status-publish","hentry"],"blocksy_meta":{"styles_descriptor":{"styles":{"desktop":"","tablet":"","mobile":""},"google_fonts":[],"version":6}},"_links":{"self":[{"href":"https:\/\/chat-kontrolle.eu\/index.php\/wp-json\/wp\/v2\/pages\/1037","targetHints":{"allow":["GET"]}}],"collection":[{"href":"https:\/\/chat-kontrolle.eu\/index.php\/wp-json\/wp\/v2\/pages"}],"about":[{"href":"https:\/\/chat-kontrolle.eu\/index.php\/wp-json\/wp\/v2\/types\/page"}],"author":[{"embeddable":true,"href":"https:\/\/chat-kontrolle.eu\/index.php\/wp-json\/wp\/v2\/users\/1"}],"replies":[{"embeddable":true,"href":"https:\/\/chat-kontrolle.eu\/index.php\/wp-json\/wp\/v2\/comments?post=1037"}],"version-history":[{"count":0,"href":"https:\/\/chat-kontrolle.eu\/index.php\/wp-json\/wp\/v2\/pages\/1037\/revisions"}],"wp:attachment":[{"href":"https:\/\/chat-kontrolle.eu\/index.php\/wp-json\/wp\/v2\/media?parent=1037"}],"curies":[{"name":"wp","href":"https:\/\/api.w.org\/{rel}","templated":true}]}}